ose 2*u + 6*u - 88 = 0. What is the remainder when (-1)/((-42)/(-43) + -1) is divided by u?
10
Suppose 0 = m + 5*i - 7 - 8, -3*i = 3*m - 9. Suppose m*x = 4*x - 56. Suppose 4*y = -8 + 24. What is the remainder when x is divided by y?
2
Suppose -29*z + 1310 - 179 = 0. Calculate the remainder when 153 is divided by z.
36
Suppose -14*j + 6*j = -136. Calculate the remainder when 22 is divided by j.
5
Suppose -3*a = 0, -2*x + 5*a + 231 = 81. Calculate the remainder when x is divided by 40.
35
Suppose -4*g + 2 = -2*l + 8, 0 = 4*l + g - 21. Let b = 112 - l. Calculate the remainder when b is divided by 36.
35
Let n = 278 - 267. What is the remainder when -8 + 107 - 1*4 is divided by n?
7
Calculate the remainder when 259 is divided by (70 - 14) + ((-3)/(-3) - 3).
43
Let w(y) = 18*y**3 - 9*y**2 - 14*y + 5. Calculate the remainder when w(3) is divided by 48.
32
Let v = -200 + 289. What is the remainder when v is divided by 16?
9
Let h(c) = c**3 + 2*c**2 + 2*c + 32. What is the remainder when 80 is divided by h(0)?
16
Let t(r) = -2*r**2 + 4*r - 3. Let g be t(2). Let d be -3 + 1 + 9/g. Let u = d + 23. Calculate the remainder when 70 is divided by u.
16
Calculate the remainder when 145 is divided by (6/4)/((-49)/(-1078)).
13
Let a = 575 + -470. Suppose 0*q - 36 = -3*q. What is the remainder when a is divided by q?
9
Suppose 33*v - 32*v + 2*n - 82 = 0, 5*n + 276 = 4*v. What is the remainder when v is divided by 30?
14
Calculate the remainder when 249 is divided by 7/((-63)/(-90)) + 8.
15
Let q(r) = -r**3 + 6*r**2 + 8*r - 15. Let s be q(6). Let d = s - 18. Calculate the remainder when 27 is divided by d.
12
Let f = -448 + 633. Calculate the remainder when f is divided by 63.
59
Suppose b - 3*v + 24 = 2*b, -b = 5*v - 34. Suppose b - 61 = -4*k. Suppose 4*r - 31 = 1. What is the remainder when k is divided by r?
5
Let a(o) = o**3 + o**2 - o - 15. Let d be a(0). Let t(p) = -2*p - 4 - 3 + 2*p - p. Calculate the remainder when t(d) is divided by 3.
2
Let s(o) = 10*o + 7. What is the remainder when 101 is divided by s(1)?
16
Suppose 0 = -2*y - 0 - 6, 2*v + 29 = 3*y. Let n = -17 - v. Calculate the remainder when n is divided by 1.
0
Suppose -23 + 3 = -5*r, -2*i + 28 = 2*r. Let p = -50 + 58. Calculate the remainder when i is divided by p.
2
Let y(a) = 12*a**2 - a - 1. Let q(x) = x**2 + 57*x - 6564. Calculate the remainder when q(58) is divided by y(-1).
10
Let y(j) = -2*j**3 + j**2 - 3*j - 4. Let q be y(-1). What is the remainder when q/1 - (-17 + 4) is divided by 10?
5
Suppose 561*m - 566*m = -40. Calculate the remainder when m is divided by 0 - (8/(-4) - 1).
2
Suppose -m - 3*t = -26, -4*m + 118 = -0*m + 5*t. Let i = m + -14. What is the remainder when 87 is divided by i?
15
Suppose 2*h = 4*h - 190. What is the remainder when h is divided by 11?
7
Let w = 170 + -164. Suppose w*o - 2*o = 572. Calculate the remainder when o is divided by 29.
27
Let s(o) = 6*o - 13. Let x(g) = -g**3 - 8*g**2 - 7*g + 8. Let v be x(-7). Calculate the remainder when 67 is divided by s(v).
32
Suppose 2*x + 3*b - 81 = 0, -3*b = 4*x + 62 - 209. Let c = -23 + 32. What is the remainder when x is divided by c?
6
Suppose 2*w = -1 - 5. What is the remainder when ((-2)/w)/((-4)/(-258)) is divided by 11/2*(5 + -1 - 2)?
10
Let z = 27 + -15. Let f(p) = -p**3 - 5*p**2 - 5*p + 7. What is the remainder when f(-5) is divided by ((-68)/6)/((-8)/z)?
15
Let t = -240 + 242. What is the remainder when 68 is divided by t?
0
What is the remainder when -3 - (63/6)/((-36)/240) is divided by 17?
16
Let g = 59 - -60. Suppose -10*p + 36 = -14. Suppose p*m = 296 + g. Calculate the remainder when m is divided by 28.
27
Suppose -89 = 4*z + 195. Let k(v) = 9*v**2 + v + 4. Let q be k(4). Let s = q + z. Calculate the remainder when s is divided by 21.
18
Let z = 11 + -11. Suppose z = 3*b - 36 + 3. Calculate the remainder when (-86)/(8/(-4))*1 is divided by b.
10
Suppose 4*h = -3*y + 678, -3*h + 352 = -h - 5*y. What is the remainder when h is divided by 4?
3
Let y = 212 + -199. Calculate the remainder when 36 is divided by y.
10
Suppose -8*n + 4*n = 0. Suppose n*l = 2*l - 4. Suppose -d + 133 = 4*w, -l*d = 5*w - 0*d - 167. Calculate the remainder when 98 is divided by w.
32
Let i(o) = o**3 + 34*o**2 + 30*o - 56. What is the remainder when 213 is divided by i(-33)?
41
Suppose 0 = 5*g - u - 220, 2*g - 10 = -5*u + 105. Calculate the remainder when 220 is divided by g.
40
Let o = -5 - -10. Suppose -3*c - 90 = -2*d - 259, 4*c = o*d + 237. Let j = 36 - 22. What is the remainder when c is divided by j?
11
Let p = -16 - -23. Let r(x) = -x**2 - 2*x - 3. Let q be r(-4). Calculate the remainder when 27 is divided by (q/11)/((-1)/p).
6
Calculate the remainder when 115 is divided by (-137)/(-8) + 21/(-168).
13
Let p(v) = -4*v + 1. Let f be p(-5). What is the remainder when 26 is divided by (-14)/f*21/(-2)?
5
Let z be 22 - (-3 + -1 + 0). Let g = -22 + z. What is the remainder when 21 is divided by g?
1
Let i(x) = -5*x - 3. Let v = -9085 - -9096. What is the remainder when v is divided by i(-2)?
4
Let r be (-2)/(-7) + 360/14. Suppose 0*j - j + r = 0. Suppose -2*p - 76 = -3*p. Calculate the remainder when p is divided by j.
24
Let q = 2 + 1. Suppose 0 = 29*j - 258 + 200. Calculate the remainder when q is divided by j.
1
Let u = 3700 - 859. What is the remainder when u is divided by 58?
57
Suppose 3*j = 2*s - 0*s - 8, -5*s + 20 = -4*j. Suppose -2*m + j = 2. Let b(x) = -41*x**3 - x**2. Calculate the remainder when b(m) is divided by 14.
12
Suppose -18*z = -3*z - 165. Let v(k) = 142*k**2 - 2*k + 2. What is the remainder when v(1) is divided by z?
10
Let x = 5 + -62. Let p = -32 - x. What is the remainder when 96 is divided by p?
21
Let t = -69 - -126. Suppose 302*g - 308*g = -72. Calculate the remainder when t is divided by g.
9
Let c(o) = 16*o + 38. Let y be c(6). Let q = 167 - y. Calculate the remainder when q is divided by 17.
16
Let b(v) = -3*v**3 + 41*v**2 - 84*v - 20. Suppose -2*f = 3*f - 405. Let o = f + -36. What is the remainder when o is divided by b(11)?
21
Suppose 4*o - 92 = -2*i, 4*i - 84 = -4*o + 100. Suppose -24 - i = -5*k. Calculate the remainder when k is divided by 8.
6
Let j be (-2 - (-20)/8)*122/1. Suppose 0 = 2*r - j - 201. What is the remainder when r is divided by 19?
17
Let q be (-2 + -1)/((-1)/3). Suppose q = -0*r + r. Suppose -4*b = -15 - r. What is the remainder when b is divided by 3?
0
Let m(i) = 26*i - 6. Let w be m(-3). What is the remainder when 11 is divided by (w/49)/(4/(-14))?
5
Suppose -3*p + 60 = 2*p. Suppose -18 = -8*y + 6. What is the remainder when p is divided by y?
0
Let k = -4 - -9. Suppose y = -k*x + 2*y + 184, -4*x + 150 = 2*y. Suppose -5*o = -55 + 5. Calculate the remainder when x is divided by o.
7
Suppose -3*z = 2*j - 108, 2*z - z - 162 = -3*j. Let u(d) = d**3 + d + 14. What is the remainder when j is divided by u(0)?
12
Suppose 5*b + 47 = -6*f + 3*f, 0 = -3*f - 2*b - 35. Let p = -7 - f. Suppose -7*v + p*v = -15. Calculate the remainder when 9 is divided by v.
0
Let r(i) = -142*i**3 + 5*i**2 + 4*i - 1. What is the remainder when r(-1) is divided by 11?
10
Let h be 0 - 3/1 - -3. Suppose q - 3 = -h*q. Suppose 5*a - 13 = c - q*c, 0 = -4*c - a + 71. Calculate the remainder when c is divided by 11.
8
Let d(x) = -11*x**3 - 3*x**2 - 9*x - 8. Calculate the remainder when d(-2) is divided by 44.
42
Suppose 8*h - 1316 + 132 = 0. Calculate the remainder when h is divided by 89.
59
Let d be 3/12 - (-21)/12. Suppose -2*i + m + 26 = -d*m, 3*i = -m + 39. Calculate the remainder when 9526/154 + 2/14 is divided by i.
10
Suppose k - 2 = 14. Let f be 7 - (k/2)/4. Suppose 6*v + 3*d - 32 = 2*v, -f*v + 35 = 5*d. Calculate the remainder when 19 is divided by v.
8
Let v(z) = 0*z**2 + 5*z - 2*z**2 - z**3 + 3 + 0*z**2. Suppose 2*c + 58 = -3*d + 187, -3*c + d + 166 = 0. What is the remainder when c is divided by v(-4)?
12
Let g = 1500 - 163. Calculate the remainder when g is divided by 17.
11
Let u(f) = f**3 - 10*f**2 - 39*f + 34. What is the remainder when 38 is divided by u(13)?
4
Let q = 17 + 0. Let t = -4 - -3. Let u(k) = -6*k**3 + k**2 - 1. What is the remainder when q is divided by u(t)?
5
Calculate the remainder when (-140)/(-6) + (-135)/(-81) is divided by 20.
5
Suppose 26 - 6 = 10*s. Suppose 0 = 5*i + 20, -s*b